{"id":32,"date":"2026-07-20T07:35:00","date_gmt":"2026-07-20T07:35:00","guid":{"rendered":"https:\/\/praxis-goehner-plein.de\/index.php\/home-3\/"},"modified":"2026-09-04T10:25:13","modified_gmt":"2026-09-04T09:25:13","slug":"home-3","status":"publish","type":"page","link":"https:\/\/praxis-goehner-plein.de\/","title":{"rendered":"Home"},"content":{"rendered":"<section class=\"l-section wpb_row height_huge full_height valign_center color_secondary\"><div class=\"l-section-overlay\" style=\"background:var(--color-alt-content-overlay)\"><\/div><div class=\"l-section-h i-cf\"><div class=\"g-cols vc_row via_grid cols_1 laptops-cols_inherit tablets-cols_1 mobiles-cols_1 valign_top type_default reversed stacking_default\"><div class=\"wpb_column vc_column_container us_custom_e5713a0c\"><div class=\"vc_column-inner\"><h1 class=\"w-text us_custom_1667f56a\"><span class=\"w-text-h\"><span class=\"w-text-value\">Ursula G\u00f6hner-Plein<\/span><\/span><\/h1><h3 class=\"w-text us_custom_1a9afe22\"><span class=\"w-text-h\"><span class=\"w-text-value\">Heilpraktikerin Psychotherapie<\/span><\/span><\/h3><div class=\"w-separator size_large\"><\/div><div class=\"wpb_text_column us_custom_2a2dc025\"><div class=\"wpb_wrapper\"><p style=\"text-align: center;\"><span>Liebe Patientinnen und Patienten,<br \/>\n<\/span><span>ich bin umgezogen.<\/span><span><\/span><\/p>\n<\/div><\/div><div class=\"w-separator size_medium with_line width_30 thick_1 style_solid color_text align_center\"><div class=\"w-separator-h\"><\/div><\/div><div class=\"wpb_text_column us_custom_2a2dc025\"><div class=\"wpb_wrapper\"><p style=\"text-align: center;\"><span><\/span><span><\/span><span>Meine neue Praxisadresse ist:<br \/>\n<\/span><span>Auf der Horst 14<br \/>\n<\/span><span>48147 M\u00fcnster<\/span><\/p>\n<\/div><\/div><div class=\"w-separator size_medium\"><\/div><\/div><\/div><\/div><\/div><\/section><section class=\"l-section wpb_row us_custom_19737bc8 therapiegebiete height_medium\" id=\"therapiegebiete\"><div class=\"l-section-h i-cf\"><div class=\"g-cols vc_row via_grid cols_1 laptops-cols_inherit tablets-cols_inherit mobiles-cols_1 valign_top type_default stacking_default\"><div class=\"wpb_column vc_column_container\"><div class=\"vc_column-inner\"><div class=\"w-separator size_medium with_line width_30 thick_1 style_solid color_primary align_center\"><div class=\"w-separator-h\"><\/div><\/div><div class=\"wpb_text_column us_custom_8889e6af has_text_color\"><div class=\"wpb_wrapper\"><h2 style=\"text-align: center;\">Therapiegebiete<\/h2>\n<\/div><\/div><div class=\"w-separator size_medium\"><\/div><div class=\"g-cols wpb_row via_grid cols_3 laptops-cols_inherit tablets-cols_inherit mobiles-cols_1 valign_middle type_default stacking_default\" style=\"--columns-gap:3rem;\"><div class=\"wpb_column vc_column_container us_custom_2022f726 has_bg_color\"><div class=\"vc_column-inner\"><div class=\"wpb_text_column us_custom_eb849559\"><div class=\"wpb_wrapper\"><h5><span>Gespr\u00e4chspsychotherapie<\/span><\/h5>\n<\/div><\/div><\/div><\/div><div class=\"wpb_column vc_column_container us_custom_2022f726 has_bg_color\"><div class=\"vc_column-inner\"><div class=\"wpb_text_column us_custom_eb849559\"><div class=\"wpb_wrapper\"><h5><span>K\u00f6rperpsychotherapie<\/span><\/h5>\n<\/div><\/div><\/div><\/div><div class=\"wpb_column vc_column_container us_custom_2022f726 has_bg_color\"><div class=\"vc_column-inner\"><div class=\"wpb_text_column us_custom_eb849559\"><div class=\"wpb_wrapper\"><h5><span>Konzentrative Bewegungstherapie<\/span><\/h5>\n<\/div><\/div><\/div><\/div><\/div><div class=\"w-separator size_medium\"><\/div><\/div><\/div><\/div><\/div><\/section><section class=\"l-section wpb_row us_custom_19737bc8 kontakt height_medium\" id=\"kontakt\"><div class=\"l-section-h i-cf\"><div class=\"g-cols vc_row via_grid cols_1 laptops-cols_inherit tablets-cols_inherit mobiles-cols_1 valign_top type_default stacking_default\"><div class=\"wpb_column vc_column_container\"><div class=\"vc_column-inner\"><div class=\"w-separator size_medium with_line width_30 thick_1 style_solid color_primary align_center\"><div class=\"w-separator-h\"><\/div><\/div><div class=\"wpb_text_column us_custom_8889e6af has_text_color\"><div class=\"wpb_wrapper\"><h2 style=\"text-align: center;\">Kontakt<\/h2>\n<\/div><\/div><div class=\"w-separator size_medium\"><\/div><\/div><\/div><\/div><\/div><\/section><section class=\"l-section wpb_row height_medium\"><div class=\"l-section-h i-cf\"><div class=\"g-cols vc_row via_grid cols_2 laptops-cols_inherit tablets-cols_1 mobiles-cols_1 valign_middle type_default stacking_default\"><div class=\"wpb_column vc_column_container\"><div class=\"vc_column-inner\"><div class=\"wpb_text_column us_custom_312a13cc\"><div class=\"wpb_wrapper\"><h3>Gerne beantworten ich Ihre Fragen.<\/h3>\n<p>Praxis G\u00f6hner-Plein<br \/>\n<span>Auf der Horst 14<br \/>\n<\/span><span>48147 M\u00fcnster<\/span><\/p>\n<p>T 0<span>251 \u00a028 75 999<br \/>\n<\/span>E <a href=\"mailto:therapie@praxis-goehner-plein.de\">therapie@praxis-goehner-plein.de<\/a><\/p>\n<\/div><\/div><\/div><\/div><div class=\"wpb_column vc_column_container\"><div class=\"vc_column-inner\"><div class=\"w-map provider_osm us_custom_4a110ff4\" id=\"us_map_1\"><div class=\"w-map-inner\"><div class=\"w-map-json\" onclick='return {&quot;address&quot;:&quot;Auf der Horst 14, 48147 M\\u00fcnster, Deutschland&quot;,&quot;disableDragging&quot;:1,&quot;disableZoom&quot;:1,&quot;hideControls&quot;:0,&quot;zoom&quot;:17,&quot;markers&quot;:[{&quot;address&quot;:&quot;Auf der Horst 14, 48147 M\\u00fcnster, Deutschland&quot;,&quot;html&quot;:&quot;&lt;h6&gt;Unsere Praxis.&lt;\\\/h6&gt;&lt;p&gt;Unsere Praxis befindet sich im Herzen des Erpho-Viertels in M\\u00fcnster. &lt;\\\/p&gt;&quot;,&quot;infowindow&quot;:0}],&quot;style&quot;:&quot;https:\\\/\\\/{s}.tile.openstreetmap.org\\\/{z}\\\/{x}\\\/{y}.png&quot;}'><\/div><\/div><\/div><\/div><\/div><\/div><\/div><\/section><section class=\"l-section wpb_row height_medium\"><div class=\"l-section-h i-cf\"><div class=\"g-cols vc_row via_grid cols_1 laptops-cols_inherit tablets-cols_inherit mobiles-cols_1 valign_top type_default stacking_default\"><div class=\"wpb_column vc_column_container\"><div class=\"vc_column-inner\"><div class=\"w-separator size_small\"><\/div><\/div><\/div><\/div><\/div><\/section>\n","protected":false},"excerpt":{"rendered":"Ursula G\u00f6hner-PleinHeilpraktikerin PsychotherapieLiebe Patientinnen und Patienten, ich bin umgezogen. Meine neue Praxisadresse ist: Auf der Horst 14 48147 M\u00fcnster Therapiegebiete Gespr\u00e4chspsychotherapie K\u00f6rperpsychotherapie Konzentrative Bewegungstherapie Kontakt Gerne beantworten ich Ihre Fragen. Praxis G\u00f6hner-Plein Auf der Horst 14 48147 M\u00fcnster T 0251 \u00a028 75 999 E therapie@praxis-goehner-plein.de","protected":false},"author":1,"featured_media":0,"parent":0,"menu_order":0,"comment_status":"closed","ping_status":"closed","template":"","meta":{"footnotes":""},"class_list":["post-32","page","type-page","status-publish","hentry"],"_links":{"self":[{"href":"https:\/\/praxis-goehner-plein.de\/index.php\/wp-json\/wp\/v2\/pages\/32","targetHints":{"allow":["GET"]}}],"collection":[{"href":"https:\/\/praxis-goehner-plein.de\/index.php\/wp-json\/wp\/v2\/pages"}],"about":[{"href":"https:\/\/praxis-goehner-plein.de\/index.php\/wp-json\/wp\/v2\/types\/page"}],"author":[{"embeddable":true,"href":"https:\/\/praxis-goehner-plein.de\/index.php\/wp-json\/wp\/v2\/users\/1"}],"replies":[{"embeddable":true,"href":"https:\/\/praxis-goehner-plein.de\/index.php\/wp-json\/wp\/v2\/comments?post=32"}],"version-history":[{"count":67,"href":"https:\/\/praxis-goehner-plein.de\/index.php\/wp-json\/wp\/v2\/pages\/32\/revisions"}],"predecessor-version":[{"id":167,"href":"https:\/\/praxis-goehner-plein.de\/index.php\/wp-json\/wp\/v2\/pages\/32\/revisions\/167"}],"wp:attachment":[{"href":"https:\/\/praxis-goehner-plein.de\/index.php\/wp-json\/wp\/v2\/media?parent=32"}],"curies":[{"name":"wp","href":"https:\/\/api.w.org\/{rel}","templated":true}]}}

<section class="l-section wpb_row height_huge full_height valign_center color_secondary"><div class="l-section-overlay" style="background:var(--color-alt-content-overlay)"></div><div class="l-section-h i-cf"><div class="g-cols vc_row via_grid cols_1 laptops-cols_inherit tablets-cols_1 mobiles-cols_1 valign_top type_default reversed stacking_default"><div class="wpb_column vc_column_container us_custom_e5713a0c"><div class="vc_column-inner"><h1 class="w-text us_custom_1667f56a"><span class="w-text-h"><span class="w-text-value">Ursula Göhner-Plein</span></span></h1><h3 class="w-text us_custom_1a9afe22"><span class="w-text-h"><span class="w-text-value">Heilpraktikerin Psychotherapie</span></span></h3><div class="w-separator size_large"></div><div class="wpb_text_column us_custom_2a2dc025"><div class="wpb_wrapper"><p style="text-align: center;"><span>Liebe Patientinnen und Patienten,<br />
</span><span>ich bin umgezogen.</span><span></span></p>
</div></div><div class="w-separator size_medium with_line width_30 thick_1 style_solid color_text align_center"><div class="w-separator-h"></div></div><div class="wpb_text_column us_custom_2a2dc025"><div class="wpb_wrapper"><p style="text-align: center;"><span></span><span></span><span>Meine neue Praxisadresse ist:<br />
</span><span>Auf der Horst 14<br />
</span><span>48147 Münster</span></p>
</div></div><div class="w-separator size_medium"></div></div></div></div></div></section><section class="l-section wpb_row us_custom_19737bc8 therapiegebiete height_medium" id="therapiegebiete"><div class="l-section-h i-cf"><div class="g-cols vc_row via_grid cols_1 laptops-cols_inherit tablets-cols_inherit mobiles-cols_1 valign_top type_default stacking_default"><div class="wpb_column vc_column_container"><div class="vc_column-inner"><div class="w-separator size_medium with_line width_30 thick_1 style_solid color_primary align_center"><div class="w-separator-h"></div></div><div class="wpb_text_column us_custom_8889e6af has_text_color"><div class="wpb_wrapper"><h2 style="text-align: center;">Therapiegebiete</h2>
</div></div><div class="w-separator size_medium"></div><div class="g-cols wpb_row via_grid cols_3 laptops-cols_inherit tablets-cols_inherit mobiles-cols_1 valign_middle type_default stacking_default" style="--columns-gap:3rem;"><div class="wpb_column vc_column_container us_custom_2022f726 has_bg_color"><div class="vc_column-inner"><div class="wpb_text_column us_custom_eb849559"><div class="wpb_wrapper"><h5><span>Gesprächspsychotherapie</span></h5>
</div></div></div></div><div class="wpb_column vc_column_container us_custom_2022f726 has_bg_color"><div class="vc_column-inner"><div class="wpb_text_column us_custom_eb849559"><div class="wpb_wrapper"><h5><span>Körperpsychotherapie</span></h5>
</div></div></div></div><div class="wpb_column vc_column_container us_custom_2022f726 has_bg_color"><div class="vc_column-inner"><div class="wpb_text_column us_custom_eb849559"><div class="wpb_wrapper"><h5><span>Konzentrative Bewegungstherapie</span></h5>
</div></div></div></div></div><div class="w-separator size_medium"></div></div></div></div></div></section><section class="l-section wpb_row us_custom_19737bc8 kontakt height_medium" id="kontakt"><div class="l-section-h i-cf"><div class="g-cols vc_row via_grid cols_1 laptops-cols_inherit tablets-cols_inherit mobiles-cols_1 valign_top type_default stacking_default"><div class="wpb_column vc_column_container"><div class="vc_column-inner"><div class="w-separator size_medium with_line width_30 thick_1 style_solid color_primary align_center"><div class="w-separator-h"></div></div><div class="wpb_text_column us_custom_8889e6af has_text_color"><div class="wpb_wrapper"><h2 style="text-align: center;">Kontakt</h2>
</div></div><div class="w-separator size_medium"></div></div></div></div></div></section><section class="l-section wpb_row height_medium"><div class="l-section-h i-cf"><div class="g-cols vc_row via_grid cols_2 laptops-cols_inherit tablets-cols_1 mobiles-cols_1 valign_middle type_default stacking_default"><div class="wpb_column vc_column_container"><div class="vc_column-inner"><div class="wpb_text_column us_custom_312a13cc"><div class="wpb_wrapper"><h3>Gerne beantworten ich Ihre Fragen.</h3>
<p>Praxis Göhner-Plein<br />
<span>Auf der Horst 14<br />
</span><span>48147 Münster</span></p>
<p>T 0<span>251  28 75 999<br />
</span>E <a href="mailto:therapie@praxis-goehner-plein.de">therapie@praxis-goehner-plein.de</a></p>
</div></div></div></div><div class="wpb_column vc_column_container"><div class="vc_column-inner"><div class="w-map provider_osm us_custom_4a110ff4" id="us_map_1"><div class="w-map-inner"><div class="w-map-json" onclick='return {&quot;address&quot;:&quot;Auf der Horst 14, 48147 M\u00fcnster, Deutschland&quot;,&quot;disableDragging&quot;:1,&quot;disableZoom&quot;:1,&quot;hideControls&quot;:0,&quot;zoom&quot;:17,&quot;markers&quot;:[{&quot;address&quot;:&quot;Auf der Horst 14, 48147 M\u00fcnster, Deutschland&quot;,&quot;html&quot;:&quot;&lt;h6&gt;Unsere Praxis.&lt;\/h6&gt;&lt;p&gt;Unsere Praxis befindet sich im Herzen des Erpho-Viertels in M\u00fcnster. &lt;\/p&gt;&quot;,&quot;infowindow&quot;:0}],&quot;style&quot;:&quot;https:\/\/{s}.tile.openstreetmap.org\/{z}\/{x}\/{y}.png&quot;}'></div></div></div></div></div></div></div></section><section class="l-section wpb_row height_medium"><div class="l-section-h i-cf"><div class="g-cols vc_row via_grid cols_1 laptops-cols_inherit tablets-cols_inherit mobiles-cols_1 valign_top type_default stacking_default"><div class="wpb_column vc_column_container"><div class="vc_column-inner"><div class="w-separator size_small"></div></div></div></div></div></section>

Ursula Göhner-PleinHeilpraktikerin PsychotherapieLiebe Patientinnen und Patienten, ich bin umgezogen. Meine neue Praxisadresse ist: Auf der Horst 14 48147 Münster Therapiegebiete Gesprächspsychotherapie Körperpsychotherapie Konzentrative Bewegungstherapie Kontakt Gerne beantworten ich Ihre Fragen. Praxis Göhner-Plein Auf der Horst 14 48147 Münster T 0251  28 75 999 E therapie@praxis-goehner-plein.de
